dreds digit of 1772?
7
What is the hundreds digit of 9830?
8
What is the hundreds digit of 25448?
4
What is the thousands digit of 5026?
5
What is the hundreds digit of 5777?
7
What is the thousands digit of 14055?
4
What is the hundreds digit of 392?
3
What is the tens digit of 16640?
4
What is the hundreds digit of 4501?
5
What is the tens digit of 16050?
5
What is the thousands digit of 8733?
8
What is the units digit of 423?
3
What is the hundreds digit of 1537?
5
What is the thousands digit of 51102?
1
What is the hundreds digit of 12927?
9
What is the tens digit of 495?
9
What is the tens digit of 14563?
6
What is the units digit of 51518?
8
What is the hundreds digit of 3485?
4
What is the thousands digit of 75896?
5
What is the ten thousands digit of 12446?
1
What is the units digit of 2978?
8
What is the units digit of 66307?
7
What is the units digit of 11493?
3
What is the ten thousands digit of 25828?
2
What is the units digit of 707?
7
What is the thousands digit of 4513?
4
What is the units digit of 69675?
5
What is the tens digit of 1629?
2
What is the units digit of 61?
1
What is the tens digit of 796?
9
What is the units digit of 435?
5
What is the tens digit of 3460?
6
What is the tens digit of 1175?
7
What is the tens digit of 111?
1
What is the units digit of 1584?
4
What is the tens digit of 906?
0
What is the hundreds digit of 1570?
5
What is the units digit of 944?
4
What is the hundreds digit of 486?
4
What is the units digit of 50055?
5
What is the hundreds digit of 2039?
0
What is the tens digit of 136?
3
What is the tens digit of 3357?
5
What is the units digit of 44765?
5
What is the tens digit of 3753?
5
What is the hundreds digit of 530?
5
What is the tens digit of 1775?
7
What is the hundreds digit of 7105?
1
What is the thousands digit of 13063?
3
What is the units digit of 21295?
5
What is the units digit of 1406?
6
What is the tens digit of 34080?
8
What is the thousands digit of 6991?
6
What is the tens digit of 163577?
7
What is the units digit of 2156?
6
What is the hundreds digit of 35245?
2
What is the units digit of 654?
4
What is the hundreds digit of 687?
6
What is the tens digit of 314?
1
What is the tens digit of 256?
5
What is the tens digit of 940?
4
What is the tens digit of 201?
0
What is the units digit of 1569?
9
What is the tens digit of 941?
4
What is the hundreds digit of 2944?
9
What is the units digit of 61668?
8
What is the units digit of 6051?
1
What is the hundreds digit of 4856?
8
What is the tens digit of 920?
2
What is the hundreds digit of 871?
8
What is the units digit of 391?
1
What is the units digit of 3420?
0
What is the ten thousands digit of 99688?
9
What is the units digit of 45017?
7
What is the ten thousands digit of 134682?
3
What is the thousands digit of 2629?
2
What is the hundreds digit of 401?
4
What is the thousands digit of 3622?
3
What is the hundreds digit of 4573?
5
What is the units digit of 3962?
2
What is the thousands digit of 20075?
0
What is the units digit of 18864?
4
What is the hundreds digit of 36236?
2
What is the thousands digit of 66771?
6
What is the tens digit of 825?
2
What is the hundreds digit of 3087?
0
What is the hundreds digit of 962?
9
What is the tens digit of 14831?
3
What is the ten thousands digit of 69103?
6
What is the hundreds digit of 1072?
0
What is the hundreds digit of 13957?
9
What is the units digit of 8888?
8
What is the tens digit of 16146?
4
What is the thousands digit of 1002?
1
What is the thousands digit of 164946?
4
What is the thousands digit of 124385?
4
What is the hundreds digit of 994?
9
What is the hundreds digit of 449?
4
What is the thousands digit of 1454?
1
What is the units digit of 844?
4
What is the thousands digit of 3077?
3
What is the ten thousands digit of 63921?
6
What is the units digit of 1435?
5
What is the ten thousands digit of 19686?
1
What is the units digit of 4312?
2
What is the tens digit of 798?
9
What is the hundreds digit of 326?
3
What is the units digit of 69643?
3
What is the units digit of 3230?
0
What is the tens digit of 8643?
4
What is the hundreds digit of 1257?
2
What is the tens digit of 3875?
7
What is the units digit of 5842?
2
What is the hundreds digit of 2867?
8
What is the thousands digit of 4608?
4
What is the tens digit of 5718?
1
What is the units digit of 3859?
9
What is the hundreds digit of 2138?
1
What is the hundreds digit of 317?
3
What is the hundreds digit of 20817?
8
What is the units digit of 6143?
3
What is the ten thousands digit of 12796?
1
What is the units digit of 75956?
6
What is the ten thousands digit of 86440?
8
What is the thousands digit of 1624?
1
What is the hundreds digit of 4380?
3
What is the tens digit of 725?
2
What is the hundreds digit of 8518?
5
What is the tens digit of 51287?
8
What is the thousands digit of 1825?
1
What is the ten thousands digit of 17481?
1
What is the units digit of 4625?
5
What is the tens digit of 3087?
8
What is the hundreds digit of 67242?
2
What is the hundreds digit of 678?
6
What is the units digit of 1840?
0
What is the thousands digit of 36008?
6
What is the units digit of 1183?
3
What is the units digit of 4762?
2
What is the thousands digit of 1913?
1
What is the thousands digit of 38605?
8
What is the thousands digit of 3139?
3
What is the tens digit of 602?
0
What is the ten thousands digit of 166493?
6
What is the tens digit of 78050?
5
What is the units digit of 1426?
6
What is the tens digit of 54861?
6
What is the thousands digit of 2921?
2
What is the tens digit of 4438?
3
What is the ten thousands digit of 117845?
1
What is the hundreds digit of 20612?
6
What is the hundreds digit of 4128?
1
What is the hundred thousands digit of 179160?
1
What is the hundreds digit of 632?
6
What is the thousands digit of 1927?
1
What is the ten thousands digit of 129345?
2
What is the units digit of 1060?
0
What is the tens digit of 60008?
0
What is the hundreds digit of 32730?
7
What is the tens digit of 223?
2
What is the hundreds digit of 6109?
1
What is the units digit of 11420?
0
What is the hundreds digit of 1669?
6
What is the tens digit of 2573?
7
What is the tens digit of 505?
0
What is the ten thousands digit of 12891?
1
What is the thousands digit of 3446?
3
What is the tens digit of 4652?
5
What is the tens digit of 1765?
6
What is the tens digit of 287?
8
What is the units digit of 1008?
8
What is the units digit of 95851?
1
What is the thousands digit of 13343?
3
What is the ten thousands digit of 22987?
2
What is the tens digit of 68573?
7
What is the hundreds digit of 3980?
9
What is the hundreds digit of 29625?
6
What is the tens digit of 1280?
8
What is the hundreds digit of 675?
6
What is the thousands digit of 2278?
2
What is the ten thousands digit of 37021?
3
What is the units digit of 122873?
3
What is the tens digit of 63425?
2
What is the units digit of 7385?
5
What is the units digit of 1563?
3
What is the ten thousands digit of 13105?
1
What is the units digit of 3103?
3
What is the tens digit of 19?
1
What is the ten thousands digit of 21670?
2
What is the units digit of 14512?
2
What is the hundreds digit of 445?
4
What is the thousands digit of 2231?
2
What is the hundreds digit of 12371?
3
What is the thousands digit of 10965?
0
What is the ten thousands digit of 38092?
3
What is the tens digit of 39?
3
What is the units digit of 2995?
5
What is the units digit of 3792?
2
What is the tens digit of 66008?
0
What is the hundreds digit of 519?
5
What is the units digit of 2678?
8
What is the tens digit of 1187?
8
What is the hundreds digit of 1574?
5
What is the tens digit of 7990?
9
What is the units digit of 2860?
0
What is the tens digit of 4451?
5
What is the tens digit of 6574?
7
What is the units digit of 6268?
8
What is the units digit of 21058?
8
What is the units digit of 990?
0
What is the ten thousands digit of 37954?
3
What is the tens digit of 1152?
5
What is the hundreds digit of 314?
3
What is the units digit of 19469?
9
What is the thousands digit of 1002?
1
What is the hundreds digit of 1917?
9
What is the hundreds digit of 2688?
6
What is the units digit of 661?
1
What is the tens digit of 1589?
8
What is the units digit of 64255?
5
What is the ten thousands digit